011010100
Convert 17309 (base 12) to base 9.
50570
What is -47bb16 (base 13) in base 14?
-327848
534090 (base 15) to base 6
220532213
What is -3312232 (base 7) in base 5?
-101002301
What is 10035742 (base 10) in base 14?
14934aa
-65551 (base 12) to base 8
-405315
What is 153872 (base 9) in base 15?
1d11e
Convert -355826 (base 9) to base 2.
-110100010011111101
What is 1011010110100111010001 (base 2) in base 8?
13264721
What is 18a009 (base 12) in base 13?
121836
What is 200022021101010 (base 3) in base 11?
5545414
-299191 (base 12) to base 15
-dc67d
76794 (base 12) to base 16
263e0
301123220011 (base 4) to base 16
c5ba05
-64b02 (base 14) to base 10
-243630
Convert -23336331 (base 7) to base 8.
-7667154
4031332 (base 7) to base 6
14130224
What is -17362382 (base 10) in base 2?
-1000010001110110111001110
Convert 88a12 (base 15) to base 10.
434267
What is -48883 (base 15) in base 6?
-4543223
4747052 (base 9) to base 4
21303210011
-31223210022 (base 4) to base 3
-20202012111110
What is 243413031 (base 5) in base 3?
2011122011222
-89474 (base 14) to base 11
-208136
Convert -50613645 (base 8) to base 4.
-220301132211
Convert 100000110110001011001 (base 2) to base 3.
2000200102110
-216833a (base 12) to base 14
-bb7874
Convert 295949 (base 13) to base 15.
14eda2
-b212 (base 16) to base 14
-12882
What is -10101110111101100111011 (base 2) in base 6?
-322514255
42433004 (base 7) to base 16
3701c6
125762 (base 9) to base 6
1345515
What is -201032031 (base 4) in base 9?
-226586
10111011100000011101001 (base 2) to base 3
102120011022012
2683137 (base 9) to base 11
915a01
Convert 1431400420 (base 5) to base 2.
1110011010011010111011
-10202122100000 (base 3) to base 4
-13220123223
Convert -57bb4 (base 15) to base 9.
-465227
Convert -26499b (base 14) to base 5.
-314202041
Convert -601243 (base 7) to base 2.
-11000101111000010
What is 14365361 (base 7) in base 5?
322021441
What is -2123224032 (base 5) in base 14?
-854c13
25181 (base 9) to base 12
9961
What is 21120101102200 (base 3) in base 15?
546eac
What is -551441 (base 9) in base 10?
-329140
What is 2110011121102 (base 3) in base 7?
14033123
What is -101103021213 (base 4) in base 5?
-2130104022
1023707 (base 8) to base 11
176670
What is 15805b (base 14) in base 8?
2674501
What is 7a119 (base 11) in base 12?
57116
3232002 (base 7) to base 6
12242100
Convert -caf0 (base 16) to base 2.
-1100101011110000
1a245b (base 16) to base 5
414310433
What is -635657 (base 8) in base 16?
-33baf
Convert 66b86 (base 13) to base 11.
118151
-44a725 (base 11) to base 13
-1c1442
What is 36232 (base 8) in base 13?
70a5
Convert 11241212 (base 5) to base 7.
605236
Convert 71865c (base 13) to base 3.
11222110000100
Convert -10100010001100001000110 (base 2) to base 5.
-2330032010
Convert -b535 (base 13) to base 8.
-60740
What is 100001011010111000 (base 2) in base 12?
67274
1010000011011000001 (base 2) to base 13
b6c22
-1100011011122 (base 3) to base 15
-e0cbe
Convert -1650626 (base 7) to base 15.
-485c5
Convert -722a21 (base 15) to base 13.
-117c8c5
Convert 435112 (base 7) to base 14.
1dab2
-19bb9 (base 13) to base 15
-edb5
Convert 20eb5a (base 15) to base 2.
101111110111100110000
Convert -27aa5 (base 14) to base 10.
-98145
What is -24859 (base 12) in base 6?
-1021353
What is 1313103213 (base 4) in base 5?
111114204
What is 45005 (base 15) in base 8?
654364
Convert -4209168 (base 10) to base 3.
-21220211220010
Convert 11262026 (base 8) to base 11.
1424076
What is 12021212101201 (base 3) in base 10?
2812042
Convert -589884 (base 14) to base 3.
-12200120112121
Convert 331554504 (base 6) to base 11.
3409707
What is -6ba26a (base 12) in base 10?
-1738738
What is 10001000111110001010 (base 2) in base 3?
1001111121001
-62c2b (base 14) to base 11
-153105
963405 (base 10) to base 6
32352113
What is 8670721 (base 9) in base 16?
46fd2f
Convert 153ef (base 16) to base 13.
307c1
-326a36 (base 14) to base 11
-a67913
What is 51140225 (base 7) in base 11?
2451028
What is -53416401 (base 7) in base 3?
-22112210012110
9c1570 (base 16) to base 2
100111000001010101110000
-26000131 (base 8) to base 15
-78dc3c
5868726 (base 9) to base 2
1100000111001111011010
b58698 (base 13) to base 7
51042155
Convert 121120022 (base 4) to base 6.
2121122
What is -1310012103 (base 5) in base 11?
-1899263
Convert 134010 (base 11) to base 3.
101200111020
What is 172a57 (base 12) in base 4?
1201121203
Convert 2201200012020 (base 3) to base 8.
5420212
-10112303200 (base 4) to base 3
-2011000111201
What is -15140221 (base 8) in base 10?
-3457169
What is -2420240142 (base 5) in base 2?
-10101011111011100000101
What is -101011110000010101001 (base 2) in base 10?
-1433769
-26a2a (base 13) to base 11
-4a132
78a9c (base 15) to base 2
1011101101100011100
Convert 16692 (base 10) to base 16.
4134
Convert -133950 (base 13) to base 16.
-71901
1a7ab (base 13) to base 4
30222033
-35526153 (base 7) to base 2
-1100000001000000100000
What is -338115 (base 10) in base 14?
-8b311
Convert 6389372 (base 10) to base 7.
105210623
2538772 (base 9) to base 11
866031
What is 230310203332 (base 4) in base 5?
11001442010
Convert 8674 (base 15) to base 10.
28459
What is 34230121 (base 5) in base 11?
1991a6
Convert 2877382 (base 10) to base 9.
5365021
What is -114640 (base 9) in base 16?
-10db8
Convert 10677027 (base 8) to base 3.
11101011201121
What is -345030 (base 6) in base 3?
-1111121200
1100122211 (base 3) to base 2
110100001100101
What is 22322450 (base 6) in base 9?
1245343
Convert -2a747a2 (base 12) to base 13.
-1a27747
Convert 988e7 (base 15) to base 13.
13c792
Convert -436030 (base 14) to base 4.
-20231120222
-52421335 (base 6) to base 15
-2026c5
What is -23446255 (base 8) in base 7?
-61421313
Convert -6e6054 (base 15) to base 6.
-305141041
-32e5 (base 15) to base 10
-10790
Convert 34002240 (base 5) to base 6.
10211523
1a7483 (base 12) to base 14
c2c95
-86b632 (base 13) to base 11
-18733aa
20111122222 (base 3) to base 7
1042232
Convert 2462522 (base 8) to base 2.
10100110010101010010
What is 2817241 (base 9) in base 3?
2220121021101
-14bb8a7 (base 13) to base 14
-c521b2
-37e990 (base 16) to base 5
-1414224042
Convert -1110101000110101110011 (base 2) to base 5.
-1440243144
-ab4766 (base 14) to base 9
-11840251
2748a (base 14) to base 10
96946
2044013 (base 7) to base 2
111100001000001100
-705136 (base 8) to base 9
-383251
-13304242 (base 5) to base 6
-2520431
Convert -14151 (base 6) to base 12.
-1357
What is -66235 (base 12) in base 9?
-225305
Convert 44020002 (base 6) to base 8.
4774442
What is -2102c (base 15) in base 9?
-168516
What is 137127 (base 14) in base 2?
10100100001011111111
1171757 (base 8) to base 3
121111020220
What is -12441504 (base 7) in base 10?
-1136265
What is -2bbb7 (base 12) in base 9?
-104284
Convert -4213430 (base 6) to base 10.
-204282
What is 1022010200021 (base 3) in base 8?
2506601
What is -2771513 (base 8) in base 3?
-1110210022122
631714 (base 8) to base 4
303033030
Convert -324842 (base 9) to base 16.
-2f54f
Convert -1100100110101110 (base 2) to base 11.
-35877
What is -36445a0 (base 11) in base 10?
-6345592
Convert 640031 (base 7) to base 16.
1af84
What is -75534 (base 11) in base 3?
-12120121002
6145698 (base 10) to base 14
b5d986
Convert 340615 (base 7) to base 11.
41367
What is 1412055 (base 6) in base 10?
79523
Convert -14447 (base 13) to base 14.
-dc44
100001010011110000111 (base 2) to base 7
12164052
-503561 (base 8) to base 5
-20300440
11111101110110110 (base 2) to base 13
47210
-22324203 (base 5) to base 13
-6c57c
Convert -1159650 (base 15) to base 12.
-41b8179
Convert -10002111010 (base 3) to base 6.
-1145433
What is 61574740 (base 8) in base 13?
2917544
10b21 (base 13) to base 11
2096a
4227241 (base 8) to base 6
40045105
What is 674678 (base 9) in base 15?
7e92e
What is 110349 (base 10) in base 5?
12012344
11212012000 (base 3) to base 13
346b6
Convert -20001102210102 (base 3) to base 14.
-5da4c6
-1001110111001110100 (base 2) to base 4
-1032321310
-1100001101011100 (base 2) to base 4
-30031130
-11a8b9 (base 16) to base 7
-12560032
Convert 1112000220 (base 3) to base 14.
ac89
What is 474243 (base 8) in base 14?
43043
-117839 (base 15) to base 10
-835479
Convert -11311220103 (base 4) to base 2.
-101110101101000010011
What is -469a78 (base 15) in b